{"id":693,"date":"2025-05-16T07:26:31","date_gmt":"2025-05-16T05:26:31","guid":{"rendered":"https:\/\/polecenia.online\/?page_id=693"},"modified":"2025-05-16T08:21:29","modified_gmt":"2025-05-16T06:21:29","slug":"konta-bankowe","status":"publish","type":"page","link":"https:\/\/zarabiajwnecie.pl\/?page_id=693","title":{"rendered":"KONTA BANKOWE"},"content":{"rendered":"<p class=\"has-white-color has-vivid-cyan-blue-background-color has-text-color has-background has-link-color wp-elements-b9bfb056f2b050eebc2e1089dd0e2f73\"><strong>MILLENNIUM BANK &#8211; BONUS do 850 PLN<\/strong><\/p><p>WYMAGANIA:<\/p><ul class=\"wp-block-list\"><li>rejestracja z podanego poni\u017cej linku:<br><br><a href=\"https:\/\/www.comperialead.pl\/a\/pp.php?link=81b57e8ef4c514968168392c65457786\">https:\/\/www.comperialead.pl\/a\/pp.php?link=81b57e8ef4c514968168392c65457786<\/a><br><br><\/li>\n\n<li><strong>Aby otrzyma\u0107 250 PLN<\/strong><br>1. Zaloguj si\u0119&nbsp;do&nbsp;aplikacji mobilnej<br>2. Zapewnij wp\u0142yw na konto w jednorazowej wysoko\u015bci min. 1000 PLN<br>3. Przynajmniej raz zap\u0142a\u0107 BLIKIEM lub kart\u0105 debetow\u0105. Mo\u017cesz to zrobi\u0107 np. za pomoc\u0105 Google Pay lub Apple Pay<br><br><\/li>\n\n<li><strong>Aby zyska\u0107&nbsp;kolejne 250 PLN<\/strong>, w ka\u017cdym z 3 kolejnych miesi\u0119cy po miesi\u0105cu otwarcia konta:<br>1.&nbsp;Zapewnij wp\u0142yw na konto w jednorazowej wysoko\u015bci min. 1 000 PLN<br>2. Zap\u0142a\u0107 kart\u0105 do konta lub BLIKIEM min. 500 z\u0142. Mo\u017cesz to zrobi\u0107 np. za pomoc\u0105 Google Pay lub Apple Pay<br><br><\/li>\n\n<li><strong>Aby otrzyma\u0107 kolejne 150 PLN<\/strong><br>1. Spe\u0142nisz wszystkie warunki do otrzymania drugiej premii oraz<br>2. Tw\u00f3j wp\u0142yw na konto w jednorazowej wysoko\u015bci min. 1 000 z\u0142 b\u0119dzie&nbsp;<strong>przelewem Twojego wynagrodzenia lub stypendium<\/strong>&nbsp;przez co najmniej&nbsp;<strong>2 miesi\u0105ce<\/strong>&nbsp;okre\u015blone w regulaminie promocji<br><br><em>Promocja obowi\u0105zuje tylko dla nowych klient\u00f3w Banku, kt\u00f3rzy nie posiadaj\u0105 lub nie posiadali \u017cadnego rachunku oszcz\u0119dno\u015bciowo-rozliczeniowego w Banku na dzie\u0144 startu promocji lub po 01.01.2021.<\/em><\/li><\/ul><div id=\"ads_1704579\"><script language=\"javascript\" type=\"text\/javascript\">var script = document.createElement(\"script\");script.src = \"\/\/www.comperialead.pl\/getbanner.php?b=48ba54ea0759f7be90&c=js&p=304034&ref=1pGfeL&label=$_ETYKIETA_&r=\"+window.location.hostname+\"&d=1704579\";document.getElementById(\"ads_1704579\").appendChild(script);<\/script><\/div><p class=\"has-white-color has-vivid-cyan-blue-background-color has-text-color has-background has-link-color wp-elements-345027fdd291add1de09f0846d151d4e\"><strong>PEKAO SA &#8211; BONUS do 300 PLN<\/strong><\/p><p>WYMAGANIA:<\/p><ul class=\"wp-block-list\"><li>rejestracja z podanego poni\u017cej linku:<br><br><a href=\"https:\/\/www.comperialead.pl\/a\/pp.php?link=9ea211a786599c3085b23cd401e0032c\">https:\/\/www.comperialead.pl\/a\/pp.php?link=9ea211a786599c3085b23cd401e0032c<\/a><br><br><\/li>\n\n<li>Aby otrzyma\u0107 150 PLN<br>1. Dokonaj wp\u0142yw\u00f3w na&nbsp;konto&nbsp;\u0142\u0105cznie na&nbsp;min. 1000&nbsp;z\u0142 w&nbsp;miesi\u0105cu otwarcia konta lub&nbsp;nast\u0119puj\u0105cym<br>2. Zaloguj si\u0119&nbsp;do&nbsp;aplikacji PeoPay od&nbsp;razu w&nbsp;dniu otwarcia konta<br><br><\/li>\n\n<li>Aby otrzyma\u0107 kolejne 150 PLN<br>1. <strong>Zr\u00f3b min. 5 transakcji<\/strong>&nbsp;bezgot\u00f3wkowych kart\u0105 do&nbsp;konta w&nbsp;ka\u017cdym z&nbsp;3&nbsp;miesi\u0119cy nast\u0119puj\u0105cych po&nbsp;miesi\u0105cu za\u0142o\u017cenia konta<br><\/li><\/ul><div id=\"ads_3486885\"><script language=\"javascript\" type=\"text\/javascript\">var script = document.createElement(\"script\");script.src = \"\/\/www.comperialead.pl\/getbanner.php?b=806a7c2208495067c5&c=js&p=304034&ref=1pGfeL&label=$_ETYKIETA_&r=\"+window.location.hostname+\"&d=3486885\";document.getElementById(\"ads_3486885\").appendChild(script);<\/script><\/div><p class=\"has-white-color has-vivid-cyan-blue-background-color has-text-color has-background has-link-color wp-elements-5910412ebdd6dfcb0108d770d3caf71b\"><strong>ALIOR BANK &#8211; 200 PLN + 16.000 PUNKT\u00d3W<\/strong><\/p><p>WYMAGANIA:<\/p><ul class=\"wp-block-list\"><li>rejestracja z podanego poni\u017cej linku:<br><br><a href=\"https:\/\/www.comperialead.pl\/a\/pp.php?link=38b7d01ffbab8dafc9e854b7040fd8e0\">https:\/\/www.comperialead.pl\/a\/pp.php?link=38b7d01ffbab8dafc9e854b7040fd8e0<\/a><br><br><\/li>\n\n<li>Aby otrzyma\u0107 <strong>200 PLN<\/strong><br>1. Zasil konto jednorazow\u0105 <strong>kwot\u0105 min. 500 z\u0142<\/strong><br>2. Wykonaj&nbsp;<strong>min. 5 transakcji<\/strong> kart\u0105 do konta, BLIK lub zegarkiem<br>3. Zaloguj si\u0119 do Alior Mobile<br><br><\/li>\n\n<li>Dodatkowo otrzymasz <strong>16.000 punkt\u00f3w<\/strong> w programie Bezcenne Chwile<\/li><\/ul><div id=\"ads_2671482\"><script language=\"javascript\" type=\"text\/javascript\">var script = document.createElement(\"script\");script.src = \"\/\/www.comperialead.pl\/getbanner.php?b=ee4fcd524ef436dfa1&c=js&p=304034&ref=1pGfeL&label=$_ETYKIETA_&r=\"+window.location.hostname+\"&d=2671482\";document.getElementById(\"ads_2671482\").appendChild(script);<\/script><\/div><p class=\"has-white-color has-vivid-cyan-blue-background-color has-text-color has-background has-link-color wp-elements-d8b828cc2da0c09e25f096c76a6fad7f\"><strong>SANTANDER BANK  DO 400 PLN <\/strong><\/p><p>WYMAGANIA:<\/p><ul class=\"wp-block-list\"><li>rejestracja z podanego poni\u017cej linku:<br><br><a href=\"https:\/\/www.comperialead.pl\/a\/pp.php?link=b5f30d6b7a317d80a680ef2fd98988d9\">https:\/\/www.comperialead.pl\/a\/pp.php?link=b5f30d6b7a317d80a680ef2fd98988d9<\/a><br><br><\/li>\n\n<li><strong>Aby otrzyma\u0107 150 PLN<\/strong> nale\u017cy w&nbsp;pierwszym i&nbsp;w&nbsp;drugim miesi\u0105cu nast\u0119puj\u0105cych po miesi\u0105cu, w&nbsp;kt\u00f3rym z\u0142o\u017cysz wniosek spe\u0142nisz \u0142\u0105cznie poni\u017csze warunki:<br>1. Zapewnisz min. 1000&nbsp;z\u0142 wp\u0142ywu na konto otwarte w&nbsp;promocji;<br>2. Wykonasz min. jedn\u0105 transakcj\u0119 BLIK;<br>3. Wykonasz min. jedn\u0105 p\u0142atno\u015b\u0107 kart\u0105 debetow\u0105.<br><br><\/li>\n\n<li><strong>Aby otrzyma\u0107 kolejne 150 PLN<\/strong> w&nbsp;trzecim i&nbsp;w&nbsp;czwartym miesi\u0105cu nast\u0119puj\u0105cych po miesi\u0105cu, w&nbsp;kt\u00f3rym z\u0142o\u017cysz wniosek spe\u0142nisz \u0142\u0105cznie poni\u017csze warunki:<br>1. Zapewnisz min. 1000&nbsp;z\u0142 wp\u0142ywu na konto otwarte w&nbsp;promocji;<br>2. Wykonasz min. jedn\u0105 transakcj\u0119 BLIK<br>3. Wykonasz min. jedn\u0105 p\u0142atno\u015b\u0107 kart\u0105 debetow\u0105.<br><br><\/li>\n\n<li><strong>Kolejne 100 PLN<\/strong> otrzymasz, spe\u0142nisz wszystkie warunki pierwszego i&nbsp;drugiego etapu tej promocji.<\/li><\/ul><div id=\"ads_2108422\"><script language=\"javascript\" type=\"text\/javascript\">var script = document.createElement(\"script\");script.src = \"\/\/www.comperialead.pl\/getbanner.php?b=bcfd0e0e6c584f4463&c=js&p=304034&ref=1pGfeL&label=$_ETYKIETA_&r=\"+window.location.hostname+\"&d=2108422\";document.getElementById(\"ads_2108422\").appendChild(script);<\/script><\/div>","protected":false},"excerpt":{"rendered":"<p>MILLENNIUM BANK &#8211; BONUS do 850 PLN WYMAGANIA: PEKAO SA &#8211; BONUS do 300 PLN WYMAGANIA: ALIOR BANK &#8211; 200 PLN + 16.000 PUNKT\u00d3W WYMAGANIA: SANTANDER BANK DO 400 PLN WYMAGANIA:<\/p>\n","protected":false},"author":1,"featured_media":0,"parent":0,"menu_order":0,"comment_status":"closed","ping_status":"closed","template":"","meta":{"footnotes":""},"class_list":["post-693","page","type-page","status-publish","hentry"],"yoast_head":"<!-- This site is optimized with the Yoast SEO plugin v25.2 - https:\/\/yoast.com\/wordpress\/plugins\/seo\/ -->\n<title>KONTA BANKOWE - zarabianie w internecie<\/title>\n<meta name=\"robots\" content=\"index, follow, max-snippet:-1, max-image-preview:large, max-video-preview:-1\" \/>\n<link rel=\"canonical\" href=\"https:\/\/zarabiajwnecie.pl\/?page_id=693\" \/>\n<meta property=\"og:locale\" content=\"pl_PL\" \/>\n<meta property=\"og:type\" content=\"article\" \/>\n<meta property=\"og:title\" content=\"KONTA BANKOWE - zarabianie w internecie\" \/>\n<meta property=\"og:description\" content=\"MILLENNIUM BANK &#8211; BONUS do 850 PLN WYMAGANIA: PEKAO SA &#8211; BONUS do 300 PLN WYMAGANIA: ALIOR BANK &#8211; 200 PLN + 16.000 PUNKT\u00d3W WYMAGANIA: SANTANDER BANK DO 400 PLN WYMAGANIA:\" \/>\n<meta property=\"og:url\" content=\"https:\/\/zarabiajwnecie.pl\/?page_id=693\" \/>\n<meta property=\"og:site_name\" content=\"zarabianie w internecie\" \/>\n<meta property=\"article:modified_time\" content=\"2025-05-16T06:21:29+00:00\" \/>\n<meta name=\"twitter:card\" content=\"summary_large_image\" \/>\n<meta name=\"twitter:label1\" content=\"Szacowany czas czytania\" \/>\n\t<meta name=\"twitter:data1\" content=\"3 minuty\" \/>\n<script type=\"application\/ld+json\" class=\"yoast-schema-graph\">{\"@context\":\"https:\/\/schema.org\",\"@graph\":[{\"@type\":\"WebPage\",\"@id\":\"https:\/\/zarabiajwnecie.pl\/?page_id=693\",\"url\":\"https:\/\/zarabiajwnecie.pl\/?page_id=693\",\"name\":\"KONTA BANKOWE - zarabianie w internecie\",\"isPartOf\":{\"@id\":\"https:\/\/zarabiajwnecie.pl\/#website\"},\"datePublished\":\"2025-05-16T05:26:31+00:00\",\"dateModified\":\"2025-05-16T06:21:29+00:00\",\"breadcrumb\":{\"@id\":\"https:\/\/zarabiajwnecie.pl\/?page_id=693#breadcrumb\"},\"inLanguage\":\"pl-PL\",\"potentialAction\":[{\"@type\":\"ReadAction\",\"target\":[\"https:\/\/zarabiajwnecie.pl\/?page_id=693\"]}]},{\"@type\":\"BreadcrumbList\",\"@id\":\"https:\/\/zarabiajwnecie.pl\/?page_id=693#breadcrumb\",\"itemListElement\":[{\"@type\":\"ListItem\",\"position\":1,\"name\":\"Strona g\u0142\u00f3wna\",\"item\":\"https:\/\/zarabiajwnecie.pl\/\"},{\"@type\":\"ListItem\",\"position\":2,\"name\":\"KONTA BANKOWE\"}]},{\"@type\":\"WebSite\",\"@id\":\"https:\/\/zarabiajwnecie.pl\/#website\",\"url\":\"https:\/\/zarabiajwnecie.pl\/\",\"name\":\"zarabianie w internecie\",\"description\":\"\",\"potentialAction\":[{\"@type\":\"SearchAction\",\"target\":{\"@type\":\"EntryPoint\",\"urlTemplate\":\"https:\/\/zarabiajwnecie.pl\/?s={search_term_string}\"},\"query-input\":{\"@type\":\"PropertyValueSpecification\",\"valueRequired\":true,\"valueName\":\"search_term_string\"}}],\"inLanguage\":\"pl-PL\"}]}<\/script>\n<!-- \/ Yoast SEO plugin. -->","yoast_head_json":{"title":"KONTA BANKOWE - zarabianie w internecie","robots":{"index":"index","follow":"follow","max-snippet":"max-snippet:-1","max-image-preview":"max-image-preview:large","max-video-preview":"max-video-preview:-1"},"canonical":"https:\/\/zarabiajwnecie.pl\/?page_id=693","og_locale":"pl_PL","og_type":"article","og_title":"KONTA BANKOWE - zarabianie w internecie","og_description":"MILLENNIUM BANK &#8211; BONUS do 850 PLN WYMAGANIA: PEKAO SA &#8211; BONUS do 300 PLN WYMAGANIA: ALIOR BANK &#8211; 200 PLN + 16.000 PUNKT\u00d3W WYMAGANIA: SANTANDER BANK DO 400 PLN WYMAGANIA:","og_url":"https:\/\/zarabiajwnecie.pl\/?page_id=693","og_site_name":"zarabianie w internecie","article_modified_time":"2025-05-16T06:21:29+00:00","twitter_card":"summary_large_image","twitter_misc":{"Szacowany czas czytania":"3 minuty"},"schema":{"@context":"https:\/\/schema.org","@graph":[{"@type":"WebPage","@id":"https:\/\/zarabiajwnecie.pl\/?page_id=693","url":"https:\/\/zarabiajwnecie.pl\/?page_id=693","name":"KONTA BANKOWE - zarabianie w internecie","isPartOf":{"@id":"https:\/\/zarabiajwnecie.pl\/#website"},"datePublished":"2025-05-16T05:26:31+00:00","dateModified":"2025-05-16T06:21:29+00:00","breadcrumb":{"@id":"https:\/\/zarabiajwnecie.pl\/?page_id=693#breadcrumb"},"inLanguage":"pl-PL","potentialAction":[{"@type":"ReadAction","target":["https:\/\/zarabiajwnecie.pl\/?page_id=693"]}]},{"@type":"BreadcrumbList","@id":"https:\/\/zarabiajwnecie.pl\/?page_id=693#breadcrumb","itemListElement":[{"@type":"ListItem","position":1,"name":"Strona g\u0142\u00f3wna","item":"https:\/\/zarabiajwnecie.pl\/"},{"@type":"ListItem","position":2,"name":"KONTA BANKOWE"}]},{"@type":"WebSite","@id":"https:\/\/zarabiajwnecie.pl\/#website","url":"https:\/\/zarabiajwnecie.pl\/","name":"zarabianie w internecie","description":"","potentialAction":[{"@type":"SearchAction","target":{"@type":"EntryPoint","urlTemplate":"https:\/\/zarabiajwnecie.pl\/?s={search_term_string}"},"query-input":{"@type":"PropertyValueSpecification","valueRequired":true,"valueName":"search_term_string"}}],"inLanguage":"pl-PL"}]}},"post_mailing_queue_ids":[],"_links":{"self":[{"href":"https:\/\/zarabiajwnecie.pl\/index.php?rest_route=\/wp\/v2\/pages\/693","targetHints":{"allow":["GET"]}}],"collection":[{"href":"https:\/\/zarabiajwnecie.pl\/index.php?rest_route=\/wp\/v2\/pages"}],"about":[{"href":"https:\/\/zarabiajwnecie.pl\/index.php?rest_route=\/wp\/v2\/types\/page"}],"author":[{"embeddable":true,"href":"https:\/\/zarabiajwnecie.pl\/index.php?rest_route=\/wp\/v2\/users\/1"}],"replies":[{"embeddable":true,"href":"https:\/\/zarabiajwnecie.pl\/index.php?rest_route=%2Fwp%2Fv2%2Fcomments&post=693"}],"version-history":[{"count":13,"href":"https:\/\/zarabiajwnecie.pl\/index.php?rest_route=\/wp\/v2\/pages\/693\/revisions"}],"predecessor-version":[{"id":724,"href":"https:\/\/zarabiajwnecie.pl\/index.php?rest_route=\/wp\/v2\/pages\/693\/revisions\/724"}],"wp:attachment":[{"href":"https:\/\/zarabiajwnecie.pl\/index.php?rest_route=%2Fwp%2Fv2%2Fmedia&parent=693"}],"curies":[{"name":"wp","href":"https:\/\/api.w.org\/{rel}","templated":true}]}}